{"id":3176,"date":"2021-08-20T11:47:57","date_gmt":"2021-08-20T16:47:57","guid":{"rendered":"https:\/\/notariarosaliamejia.com\/portal\/portal\/?page_id=3176"},"modified":"2021-09-20T13:10:35","modified_gmt":"2021-09-20T18:10:35","slug":"enlaces","status":"publish","type":"page","link":"https:\/\/notariarosaliamejia.com\/portal\/enlaces\/","title":{"rendered":"Enlaces"},"content":{"rendered":"\t\t<div data-elementor-type=\"wp-page\" data-elementor-id=\"3176\" class=\"elementor elementor-3176\">\n\t\t\t\t\t\t\t\t\t<section class=\"elementor-section elementor-top-section elementor-element elementor-element-f003a20 elementor-section-boxed elementor-section-height-default elementor-section-height-default\" data-id=\"f003a20\" data-element_type=\"section\" data-settings=\"{&quot;background_background&quot;:&quot;classic&quot;}\">\n\t\t\t\t\t\t<div class=\"elementor-container elementor-column-gap-default\">\n\t\t\t\t\t<div class=\"elementor-column elementor-col-100 elementor-top-column elementor-element elementor-element-b19f8a7\" data-id=\"b19f8a7\" data-element_type=\"column\">\n\t\t\t<div class=\"elementor-widget-wrap elementor-element-populated\">\n\t\t\t\t\t\t\t\t<div class=\"elementor-element elementor-element-4a41441 elementor-widget elementor-widget-heading\" data-id=\"4a41441\" data-element_type=\"widget\" data-widget_type=\"heading.default\">\n\t\t\t\t<div class=\"elementor-widget-container\">\n\t\t\t<style>\/*! elementor - v3.10.2 - 29-01-2023 *\/\n.elementor-heading-title{padding:0;margin:0;line-height:1}.elementor-widget-heading .elementor-heading-title[class*=elementor-size-]>a{color:inherit;font-size:inherit;line-height:inherit}.elementor-widget-heading .elementor-heading-title.elementor-size-small{font-size:15px}.elementor-widget-heading .elementor-heading-title.elementor-size-medium{font-size:19px}.elementor-widget-heading .elementor-heading-title.elementor-size-large{font-size:29px}.elementor-widget-heading .elementor-heading-title.elementor-size-xl{font-size:39px}.elementor-widget-heading .elementor-heading-title.elementor-size-xxl{font-size:59px}<\/style><h2 class=\"elementor-heading-title elementor-size-default\">Enlaces<\/h2>\t\t<\/div>\n\t\t\t\t<\/div>\n\t\t\t\t<div class=\"elementor-element elementor-element-9ef2dac elementor-widget-divider--view-line elementor-widget elementor-widget-divider\" data-id=\"9ef2dac\" data-element_type=\"widget\" data-widget_type=\"divider.default\">\n\t\t\t\t<div class=\"elementor-widget-container\">\n\t\t\t<style>\/*! elementor - v3.10.2 - 29-01-2023 *\/\n.elementor-widget-divider{--divider-border-style:none;--divider-border-width:1px;--divider-color:#2c2c2c;--divider-icon-size:20px;--divider-element-spacing:10px;--divider-pattern-height:24px;--divider-pattern-size:20px;--divider-pattern-url:none;--divider-pattern-repeat:repeat-x}.elementor-widget-divider .elementor-divider{display:flex}.elementor-widget-divider .elementor-divider__text{font-size:15px;line-height:1;max-width:95%}.elementor-widget-divider .elementor-divider__element{margin:0 var(--divider-element-spacing);flex-shrink:0}.elementor-widget-divider .elementor-icon{font-size:var(--divider-icon-size)}.elementor-widget-divider .elementor-divider-separator{display:flex;margin:0;direction:ltr}.elementor-widget-divider--view-line_icon .elementor-divider-separator,.elementor-widget-divider--view-line_text .elementor-divider-separator{align-items:center}.elementor-widget-divider--view-line_icon .elementor-divider-separator:after,.elementor-widget-divider--view-line_icon .elementor-divider-separator:before,.elementor-widget-divider--view-line_text .elementor-divider-separator:after,.elementor-widget-divider--view-line_text .elementor-divider-separator:before{display:block;content:\"\";border-bottom:0;flex-grow:1;border-top:var(--divider-border-width) var(--divider-border-style) var(--divider-color)}.elementor-widget-divider--element-align-left .elementor-divider .elementor-divider-separator>.elementor-divider__svg:first-of-type{flex-grow:0;flex-shrink:100}.elementor-widget-divider--element-align-left .elementor-divider-separator:before{content:none}.elementor-widget-divider--element-align-left .elementor-divider__element{margin-left:0}.elementor-widget-divider--element-align-right .elementor-divider .elementor-divider-separator>.elementor-divider__svg:last-of-type{flex-grow:0;flex-shrink:100}.elementor-widget-divider--element-align-right .elementor-divider-separator:after{content:none}.elementor-widget-divider--element-align-right .elementor-divider__element{margin-right:0}.elementor-widget-divider:not(.elementor-widget-divider--view-line_text):not(.elementor-widget-divider--view-line_icon) .elementor-divider-separator{border-top:var(--divider-border-width) var(--divider-border-style) var(--divider-color)}.elementor-widget-divider--separator-type-pattern{--divider-border-style:none}.elementor-widget-divider--separator-type-pattern.elementor-widget-divider--view-line .elementor-divider-separator,.elementor-widget-divider--separator-type-pattern:not(.elementor-widget-divider--view-line) .elementor-divider-separator:after,.elementor-widget-divider--separator-type-pattern:not(.elementor-widget-divider--view-line) .elementor-divider-separator:before,.elementor-widget-divider--separator-type-pattern:not([class*=elementor-widget-divider--view]) .elementor-divider-separator{width:100%;min-height:var(--divider-pattern-height);-webkit-mask-size:var(--divider-pattern-size) 100%;mask-size:var(--divider-pattern-size) 100%;-webkit-mask-repeat:var(--divider-pattern-repeat);mask-repeat:var(--divider-pattern-repeat);background-color:var(--divider-color);-webkit-mask-image:var(--divider-pattern-url);mask-image:var(--divider-pattern-url)}.elementor-widget-divider--no-spacing{--divider-pattern-size:auto}.elementor-widget-divider--bg-round{--divider-pattern-repeat:round}.rtl .elementor-widget-divider .elementor-divider__text{direction:rtl}.e-con-inner>.elementor-widget-divider,.e-con>.elementor-widget-divider{width:var(--container-widget-width);--flex-grow:var(--container-widget-flex-grow)}<\/style>\t\t<div class=\"elementor-divider\">\n\t\t\t<span class=\"elementor-divider-separator\">\n\t\t\t\t\t\t<\/span>\n\t\t<\/div>\n\t\t\t\t<\/div>\n\t\t\t\t<\/div>\n\t\t\t\t\t<\/div>\n\t\t<\/div>\n\t\t\t\t\t\t\t<\/div>\n\t\t<\/section>\n\t\t\t\t<section class=\"elementor-section elementor-top-section elementor-element elementor-element-c79125d elementor-section-boxed elementor-section-height-default elementor-section-height-default\" data-id=\"c79125d\" data-element_type=\"section\" data-settings=\"{&quot;background_background&quot;:&quot;classic&quot;}\">\n\t\t\t\t\t\t<div class=\"elementor-container elementor-column-gap-default\">\n\t\t\t\t\t<div class=\"elementor-column elementor-col-100 elementor-top-column elementor-element elementor-element-6b91e03\" data-id=\"6b91e03\" data-element_type=\"column\" data-settings=\"{&quot;background_background&quot;:&quot;classic&quot;}\">\n\t\t\t<div class=\"elementor-widget-wrap elementor-element-populated\">\n\t\t\t\t\t\t\t\t<section class=\"elementor-section elementor-inner-section elementor-element elementor-element-710b45b elementor-section-boxed elementor-section-height-default elementor-section-height-default\" data-id=\"710b45b\" data-element_type=\"section\" data-settings=\"{&quot;background_background&quot;:&quot;classic&quot;}\">\n\t\t\t\t\t\t<div class=\"elementor-container elementor-column-gap-default\">\n\t\t\t\t\t<div class=\"elementor-column elementor-col-50 elementor-inner-column elementor-element elementor-element-00fd7e3\" data-id=\"00fd7e3\" data-element_type=\"column\">\n\t\t\t<div class=\"elementor-widget-wrap elementor-element-populated\">\n\t\t\t\t\t\t\t\t<div class=\"elementor-element elementor-element-85a49cc elementor-position-left elementor-vertical-align-top elementor-widget elementor-widget-image-box\" data-id=\"85a49cc\" data-element_type=\"widget\" data-widget_type=\"image-box.default\">\n\t\t\t\t<div class=\"elementor-widget-container\">\n\t\t\t<style>\/*! elementor - v3.10.2 - 29-01-2023 *\/\n.elementor-widget-image-box .elementor-image-box-content{width:100%}@media (min-width:768px){.elementor-widget-image-box.elementor-position-left .elementor-image-box-wrapper,.elementor-widget-image-box.elementor-position-right .elementor-image-box-wrapper{display:flex}.elementor-widget-image-box.elementor-position-right .elementor-image-box-wrapper{text-align:right;flex-direction:row-reverse}.elementor-widget-image-box.elementor-position-left .elementor-image-box-wrapper{text-align:left;flex-direction:row}.elementor-widget-image-box.elementor-position-top .elementor-image-box-img{margin:auto}.elementor-widget-image-box.elementor-vertical-align-top .elementor-image-box-wrapper{align-items:flex-start}.elementor-widget-image-box.elementor-vertical-align-middle .elementor-image-box-wrapper{align-items:center}.elementor-widget-image-box.elementor-vertical-align-bottom .elementor-image-box-wrapper{align-items:flex-end}}@media (max-width:767px){.elementor-widget-image-box .elementor-image-box-img{margin-left:auto!important;margin-right:auto!important;margin-bottom:15px}}.elementor-widget-image-box .elementor-image-box-img{display:inline-block}.elementor-widget-image-box .elementor-image-box-title a{color:inherit}.elementor-widget-image-box .elementor-image-box-wrapper{text-align:center}.elementor-widget-image-box .elementor-image-box-description{margin:0}<\/style><div class=\"elementor-image-box-wrapper\"><figure class=\"elementor-image-box-img\"><a href=\"https:\/\/www.sunarp.gob.pe\/\" target=\"_blank\"><img decoding=\"async\" width=\"212\" height=\"207\" src=\"https:\/\/notariarosaliamejia.com\/portal\/wp-content\/uploads\/2021\/08\/e1.jpg\" class=\"attachment-full size-full wp-image-3186\" alt=\"\" loading=\"lazy\" \/><\/a><\/figure><div class=\"elementor-image-box-content\"><h3 class=\"elementor-image-box-title\"><a href=\"https:\/\/www.sunarp.gob.pe\/\" target=\"_blank\">Superintendencia Nacional de los Registros P\u00fablicos<\/a><\/h3><p class=\"elementor-image-box-description\">La SUNARP es un organismo descentralizado aut\u00f3nomo de Sector Justicia y ente rector del Sistema Nacional de los Registros P\u00fablicos y tiene entre sus principales funciones y atribuciones el de dictar las politicas y normas t\u00e9cnico registrales de los registros p\u00fablicos.<\/p><\/div><\/div>\t\t<\/div>\n\t\t\t\t<\/div>\n\t\t\t\t\t<\/div>\n\t\t<\/div>\n\t\t\t\t<div class=\"elementor-column elementor-col-50 elementor-inner-column elementor-element elementor-element-270a5ea\" data-id=\"270a5ea\" data-element_type=\"column\">\n\t\t\t<div class=\"elementor-widget-wrap elementor-element-populated\">\n\t\t\t\t\t\t\t\t<div class=\"elementor-element elementor-element-873f0a7 elementor-position-left elementor-vertical-align-top elementor-widget elementor-widget-image-box\" data-id=\"873f0a7\" data-element_type=\"widget\" data-widget_type=\"image-box.default\">\n\t\t\t\t<div class=\"elementor-widget-container\">\n\t\t\t<div class=\"elementor-image-box-wrapper\"><figure class=\"elementor-image-box-img\"><a href=\"http:\/\/www.sunat.gob.pe\/\" target=\"_blank\"><img decoding=\"async\" width=\"212\" height=\"207\" src=\"https:\/\/notariarosaliamejia.com\/portal\/wp-content\/uploads\/2021\/08\/e2.jpg\" class=\"attachment-full size-full wp-image-3185\" alt=\"\" loading=\"lazy\" \/><\/a><\/figure><div class=\"elementor-image-box-content\"><h3 class=\"elementor-image-box-title\"><a href=\"http:\/\/www.sunat.gob.pe\/\" target=\"_blank\">SUNAT<\/a><\/h3><p class=\"elementor-image-box-description\">La Superintencia Nacional de Aduanas y de Administraci\u00f3n Tributaria SUNAT, de acuerdo a su Ley de creaci\u00f3n N\u00b0 24829. Ley General aprobada por Decreto Legislativo N\u00b0 501 y la Ley 29816 de Fortalecimiento de la SUNAT, es un organismo t\u00e9cnico especializado, adscrito al Ministerio de Economia y Finanzas.<\/p><\/div><\/div>\t\t<\/div>\n\t\t\t\t<\/div>\n\t\t\t\t\t<\/div>\n\t\t<\/div>\n\t\t\t\t\t\t\t<\/div>\n\t\t<\/section>\n\t\t\t\t<section class=\"elementor-section elementor-inner-section elementor-element elementor-element-e547128 elementor-section-boxed elementor-section-height-default elementor-section-height-default\" data-id=\"e547128\" data-element_type=\"section\" data-settings=\"{&quot;background_background&quot;:&quot;classic&quot;}\">\n\t\t\t\t\t\t<div class=\"elementor-container elementor-column-gap-default\">\n\t\t\t\t\t<div class=\"elementor-column elementor-col-50 elementor-inner-column elementor-element elementor-element-e779315\" data-id=\"e779315\" data-element_type=\"column\">\n\t\t\t<div class=\"elementor-widget-wrap elementor-element-populated\">\n\t\t\t\t\t\t\t\t<div class=\"elementor-element elementor-element-8521b90 elementor-position-left elementor-vertical-align-top elementor-widget elementor-widget-image-box\" data-id=\"8521b90\" data-element_type=\"widget\" data-widget_type=\"image-box.default\">\n\t\t\t\t<div class=\"elementor-widget-container\">\n\t\t\t<div class=\"elementor-image-box-wrapper\"><figure class=\"elementor-image-box-img\"><a href=\"http:\/\/www.reniec.gob.pe\/\" target=\"_blank\"><img decoding=\"async\" width=\"212\" height=\"207\" src=\"https:\/\/notariarosaliamejia.com\/portal\/wp-content\/uploads\/2021\/08\/e3.jpg\" class=\"attachment-full size-full wp-image-3184\" alt=\"\" loading=\"lazy\" \/><\/a><\/figure><div class=\"elementor-image-box-content\"><h3 class=\"elementor-image-box-title\"><a href=\"http:\/\/www.reniec.gob.pe\/\" target=\"_blank\">Registro Nacional de Identificaci\u00f3n y de Estado Civil<\/a><\/h3><p class=\"elementor-image-box-description\">Es el organismo t\u00e9cnico encargado de la identificaci\u00f3n de los peruanos, otorga el documento nacional de identidad, registral hechos vitales: nacimientos, matrimonios, defunciones, divorcios y otros que modifican el estado civil.<\/p><\/div><\/div>\t\t<\/div>\n\t\t\t\t<\/div>\n\t\t\t\t\t<\/div>\n\t\t<\/div>\n\t\t\t\t<div class=\"elementor-column elementor-col-50 elementor-inner-column elementor-element elementor-element-7df6663\" data-id=\"7df6663\" data-element_type=\"column\">\n\t\t\t<div class=\"elementor-widget-wrap elementor-element-populated\">\n\t\t\t\t\t\t\t\t<div class=\"elementor-element elementor-element-cf1bfa6 elementor-position-left elementor-vertical-align-top elementor-widget elementor-widget-image-box\" data-id=\"cf1bfa6\" data-element_type=\"widget\" data-widget_type=\"image-box.default\">\n\t\t\t\t<div class=\"elementor-widget-container\">\n\t\t\t<div class=\"elementor-image-box-wrapper\"><figure class=\"elementor-image-box-img\"><a href=\"http:\/\/www.rree.gob.pe\/\" target=\"_blank\"><img decoding=\"async\" width=\"212\" height=\"207\" src=\"https:\/\/notariarosaliamejia.com\/portal\/wp-content\/uploads\/2021\/08\/e4.jpg\" class=\"attachment-full size-full wp-image-3183\" alt=\"\" loading=\"lazy\" \/><\/a><\/figure><div class=\"elementor-image-box-content\"><h3 class=\"elementor-image-box-title\"><a href=\"http:\/\/www.rree.gob.pe\/\" target=\"_blank\">Ministerio de Relaciones Exteriores del Per\u00fa<\/a><\/h3><p class=\"elementor-image-box-description\">El Ministerio de Relaciones Exteriores, liderado por el Canciller y bajo la direcci\u00f3n del Presidente de la Rep\u00fablica, es la instituci\u00f3n encargada de ejercer la representaci\u00f3n del Etado en el \u00e1mbito internacional a trav\u00e9s del Servicio Diplom\u00e1tico de la Rep\u00fablica.<\/p><\/div><\/div>\t\t<\/div>\n\t\t\t\t<\/div>\n\t\t\t\t\t<\/div>\n\t\t<\/div>\n\t\t\t\t\t\t\t<\/div>\n\t\t<\/section>\n\t\t\t\t<section class=\"elementor-section elementor-inner-section elementor-element elementor-element-eef7ad1 elementor-section-boxed elementor-section-height-default elementor-section-height-default\" data-id=\"eef7ad1\" data-element_type=\"section\" data-settings=\"{&quot;background_background&quot;:&quot;classic&quot;}\">\n\t\t\t\t\t\t<div class=\"elementor-container elementor-column-gap-default\">\n\t\t\t\t\t<div class=\"elementor-column elementor-col-50 elementor-inner-column elementor-element elementor-element-723bcd7\" data-id=\"723bcd7\" data-element_type=\"column\">\n\t\t\t<div class=\"elementor-widget-wrap elementor-element-populated\">\n\t\t\t\t\t\t\t\t<div class=\"elementor-element elementor-element-625ab3f elementor-position-left elementor-vertical-align-top elementor-widget elementor-widget-image-box\" data-id=\"625ab3f\" data-element_type=\"widget\" data-widget_type=\"image-box.default\">\n\t\t\t\t<div class=\"elementor-widget-container\">\n\t\t\t<div class=\"elementor-image-box-wrapper\"><figure class=\"elementor-image-box-img\"><a href=\"http:\/\/www.jdccpp.com\/\" target=\"_blank\"><img decoding=\"async\" width=\"212\" height=\"207\" src=\"https:\/\/notariarosaliamejia.com\/portal\/wp-content\/uploads\/2021\/08\/e5.jpg\" class=\"attachment-full size-full wp-image-3182\" alt=\"\" loading=\"lazy\" \/><\/a><\/figure><div class=\"elementor-image-box-content\"><h3 class=\"elementor-image-box-title\"><a href=\"http:\/\/www.jdccpp.com\/\" target=\"_blank\">La Junta de Decanos de Colegios de Contadores P\u00fablicos del Per\u00fa<\/a><\/h3><p class=\"elementor-image-box-description\">La Junta de Decanos de Colegios de Contadores P\u00fablicos del Per\u00fa, es una instituci\u00f3n de derecho p\u00fablico creada por Decreto Ley N\u00b0 25892 y su reglamento aprobado por Decreto Supremo N\u00ba 008-93-JUS. La sede oficial de la Junta de Decanos, ser\u00e1 la ciudad de Lima, a cuyo Decano le corresponda ejercer la Presidencia de la Junta.<\/p><\/div><\/div>\t\t<\/div>\n\t\t\t\t<\/div>\n\t\t\t\t\t<\/div>\n\t\t<\/div>\n\t\t\t\t<div class=\"elementor-column elementor-col-50 elementor-inner-column elementor-element elementor-element-f16169c\" data-id=\"f16169c\" data-element_type=\"column\">\n\t\t\t<div class=\"elementor-widget-wrap elementor-element-populated\">\n\t\t\t\t\t\t\t\t<div class=\"elementor-element elementor-element-55581b8 elementor-position-left elementor-vertical-align-top elementor-widget elementor-widget-image-box\" data-id=\"55581b8\" data-element_type=\"widget\" data-widget_type=\"image-box.default\">\n\t\t\t\t<div class=\"elementor-widget-container\">\n\t\t\t<div class=\"elementor-image-box-wrapper\"><figure class=\"elementor-image-box-img\"><a href=\"http:\/\/www.minjus.gob.pe\/\" target=\"_blank\"><img decoding=\"async\" width=\"212\" height=\"207\" src=\"https:\/\/notariarosaliamejia.com\/portal\/wp-content\/uploads\/2021\/08\/e6.jpg\" class=\"attachment-full size-full wp-image-3181\" alt=\"\" loading=\"lazy\" \/><\/a><\/figure><div class=\"elementor-image-box-content\"><h3 class=\"elementor-image-box-title\"><a href=\"http:\/\/www.minjus.gob.pe\/\" target=\"_blank\">Ministerio de Justicia y Derechos Humanos<\/a><\/h3><p class=\"elementor-image-box-description\">El Despacho Ministerial est\u00e1 a cargo del Ministro de Justicia y Derechos Humanos, quien es la m\u00e1s alta autoridad politica y ejecutiva del Sector Justicia y Derechos Humanos. Es el titular del Pliego Presupuestal y representa al Ministerio e Justicia y Derechos Humanos<\/p><\/div><\/div>\t\t<\/div>\n\t\t\t\t<\/div>\n\t\t\t\t\t<\/div>\n\t\t<\/div>\n\t\t\t\t\t\t\t<\/div>\n\t\t<\/section>\n\t\t\t\t<section class=\"elementor-section elementor-inner-section elementor-element elementor-element-e08b70a elementor-section-boxed elementor-section-height-default elementor-section-height-default\" data-id=\"e08b70a\" data-element_type=\"section\" data-settings=\"{&quot;background_background&quot;:&quot;classic&quot;}\">\n\t\t\t\t\t\t<div class=\"elementor-container elementor-column-gap-default\">\n\t\t\t\t\t<div class=\"elementor-column elementor-col-50 elementor-inner-column elementor-element elementor-element-4cb65f4\" data-id=\"4cb65f4\" data-element_type=\"column\">\n\t\t\t<div class=\"elementor-widget-wrap elementor-element-populated\">\n\t\t\t\t\t\t\t\t<div class=\"elementor-element elementor-element-81e7c85 elementor-position-left elementor-vertical-align-top elementor-widget elementor-widget-image-box\" data-id=\"81e7c85\" data-element_type=\"widget\" data-widget_type=\"image-box.default\">\n\t\t\t\t<div class=\"elementor-widget-container\">\n\t\t\t<div class=\"elementor-image-box-wrapper\"><figure class=\"elementor-image-box-img\"><a href=\"http:\/\/www.notarios.org.pe\/\" target=\"_blank\"><img decoding=\"async\" width=\"212\" height=\"207\" src=\"https:\/\/notariarosaliamejia.com\/portal\/wp-content\/uploads\/2021\/08\/e7.jpg\" class=\"attachment-full size-full wp-image-3180\" alt=\"\" loading=\"lazy\" \/><\/a><\/figure><div class=\"elementor-image-box-content\"><h3 class=\"elementor-image-box-title\"><a href=\"http:\/\/www.notarios.org.pe\/\" target=\"_blank\">Colegio de Notarios de Lima<\/a><\/h3><p class=\"elementor-image-box-description\">A nombre del Colegio de Notarios de Lima (CNL) le damos la bienvenida a este portal, que representa el esfuerzo de nuestral instituci\u00f3n para dar a conocer la importancia de la funci\u00f3n notarial, pieza clave la seguridad juridica de nuestra sociedad. En este espacio podr\u00e1 encontrar informaci\u00f3n importante sobre las actividades realizadas por el CNL y los avances tecnol\u00f3gicos que impulsa para lograr un notariado moderno.<\/p><\/div><\/div>\t\t<\/div>\n\t\t\t\t<\/div>\n\t\t\t\t\t<\/div>\n\t\t<\/div>\n\t\t\t\t<div class=\"elementor-column elementor-col-50 elementor-inner-column elementor-element elementor-element-1ff199a\" data-id=\"1ff199a\" data-element_type=\"column\">\n\t\t\t<div class=\"elementor-widget-wrap elementor-element-populated\">\n\t\t\t\t\t\t\t\t<div class=\"elementor-element elementor-element-f99f48c elementor-position-left elementor-vertical-align-top elementor-widget elementor-widget-image-box\" data-id=\"f99f48c\" data-element_type=\"widget\" data-widget_type=\"image-box.default\">\n\t\t\t\t<div class=\"elementor-widget-container\">\n\t\t\t<div class=\"elementor-image-box-wrapper\"><figure class=\"elementor-image-box-img\"><a href=\"http:\/\/www.revista-actualidadlaboral.com\/\" target=\"_blank\"><img decoding=\"async\" width=\"212\" height=\"207\" src=\"https:\/\/notariarosaliamejia.com\/portal\/wp-content\/uploads\/2021\/08\/e8.jpg\" class=\"attachment-full size-full wp-image-3179\" alt=\"\" loading=\"lazy\" \/><\/a><\/figure><div class=\"elementor-image-box-content\"><h3 class=\"elementor-image-box-title\"><a href=\"http:\/\/www.revista-actualidadlaboral.com\/\" target=\"_blank\">Revista Actualidad Laboral<\/a><\/h3><p class=\"elementor-image-box-description\">Desde el a\u00f1o 1990 comenzamos a incursionar en la actividad editorial digital, apostando a que llegar\u00eda el momento en que las ediciones digitales comenzar\u00edan a incrementarse en forma acelerada. Es asi como uno de los primeros esfuerzos de\nACTUALIDAD LABORAL estuvo dirigido a desarrollarnos en este campo, para lo cual fuimos pioneros en articular una p\u00e1gina web de nuestra publicaci\u00f3n.<\/p><\/div><\/div>\t\t<\/div>\n\t\t\t\t<\/div>\n\t\t\t\t\t<\/div>\n\t\t<\/div>\n\t\t\t\t\t\t\t<\/div>\n\t\t<\/section>\n\t\t\t\t\t<\/div>\n\t\t<\/div>\n\t\t\t\t\t\t\t<\/div>\n\t\t<\/section>\n\t\t\t\t\t\t\t<\/div>\n\t\t","protected":false},"excerpt":{"rendered":"<p>Enlaces Superintendencia Nacional de los Registros P\u00fablicos La SUNARP es un organismo descentralizado aut\u00f3nomo de Sector Justicia y ente rector del Sistema Nacional de los Registros P\u00fablicos y tiene entre sus principales funciones y atribuciones el de dictar las politicas y normas t\u00e9cnico registrales de los registros p\u00fablicos. SUNAT La Superintencia Nacional de Aduanas y [&hellip;]<\/p>\n","protected":false},"author":4,"featured_media":0,"parent":0,"menu_order":0,"comment_status":"closed","ping_status":"closed","template":"elementor_header_footer","meta":[],"_links":{"self":[{"href":"https:\/\/notariarosaliamejia.com\/portal\/wp-json\/wp\/v2\/pages\/3176"}],"collection":[{"href":"https:\/\/notariarosaliamejia.com\/portal\/wp-json\/wp\/v2\/pages"}],"about":[{"href":"https:\/\/notariarosaliamejia.com\/portal\/wp-json\/wp\/v2\/types\/page"}],"author":[{"embeddable":true,"href":"https:\/\/notariarosaliamejia.com\/portal\/wp-json\/wp\/v2\/users\/4"}],"replies":[{"embeddable":true,"href":"https:\/\/notariarosaliamejia.com\/portal\/wp-json\/wp\/v2\/comments?post=3176"}],"version-history":[{"count":8,"href":"https:\/\/notariarosaliamejia.com\/portal\/wp-json\/wp\/v2\/pages\/3176\/revisions"}],"predecessor-version":[{"id":3398,"href":"https:\/\/notariarosaliamejia.com\/portal\/wp-json\/wp\/v2\/pages\/3176\/revisions\/3398"}],"wp:attachment":[{"href":"https:\/\/notariarosaliamejia.com\/portal\/wp-json\/wp\/v2\/media?parent=3176"}],"curies":[{"name":"wp","href":"https:\/\/api.w.org\/{rel}","templated":true}]}}